{"id":319,"date":"2018-08-29T09:29:41","date_gmt":"2018-08-29T07:29:41","guid":{"rendered":"http:\/\/bip.mbp.olsztyn.pl\/?page_id=319"},"modified":"2020-10-16T15:49:04","modified_gmt":"2020-10-16T13:49:04","slug":"klauzula-informacyjna","status":"publish","type":"page","link":"https:\/\/bip.mbp.olsztyn.pl\/?page_id=319","title":{"rendered":"Klauzula informacyjna"},"content":{"rendered":"<p><strong>KLAUZULA INFORMACYJNA<\/strong><\/p>\n<p>Zgodnie z art. 13 rozporz\u0105dzenia Parlamentu Europejskiego i Rady (UE) 2016\/679 z dnia 27 kwietnia 2016 r. w sprawie ochrony os\u00f3b fizycznych w zwi\u0105zku z przetwarzaniem danych osobowych i w sprawie swobodnego przep\u0142ywu takich danych oraz uchylenia dyrektywy 95\/46\/WE (og\u00f3lne rozporz\u0105dzenie o ochronie danych) (Dz. Urz. UE L 119 z 04.05.2016) &#8211; zwanym dalej RODO &#8211; Miejska Biblioteka Publiczna w Olsztynie, ul. Rodziewicz\u00f3wny 2, 10-030 Olsztyn informuje, \u017ce:<\/p>\n<ol>\n<li>Administratorem Pani\/Pana danych osobowych jest Miejska Biblioteka Publiczna w Olsztynie, ul.\u00a0Rodziewicz\u00f3wny 2, 10-030 Olsztyn.<\/li>\n<li>Miejska Biblioteka Publiczna w Olsztynie wyznaczy\u0142a Inspektora Ochrony Danych,<br \/>\nz kt\u00f3rym mo\u017cna skontaktowa\u0107 si\u0119 pod adresem e-mail: <a href=\"mailto:iod@mbp.olsztyn.pl\">iod@mbp.olsztyn.pl<\/a> lub wysy\u0142aj\u0105c korespondencj\u0119 na adres siedziby Miejskiej Biblioteki Publicznej w Olsztynie, ul. Rodziewicz\u00f3wny 2, 10-030 Olsztyn.<\/li>\n<li>Celem przetwarzania Pani\/Pana danych osobowych jest realizacja procesu rekrutacji na wskazane stanowisko pracy.<\/li>\n<li>Podane dane b\u0119d\u0105 przetwarzane na podstawie art. 22<sup>1<\/sup> 1 ustawy z dnia 26 czerwca 1974r. &#8211; \u00a0Kodeks pracy (t.j. Dz.U. z 2018r., poz. 917) oraz Pani\/Pana zgody na przetwarzanie danych osobowych.<\/li>\n<li>Pani\/Pana dane osobowe nie b\u0119d\u0105 udost\u0119pniane innym podmiotom, za wyj\u0105tkiem podmiot\u00f3w upowa\u017cnionych na podstawie przepis\u00f3w prawa. Dost\u0119p do Pani\/Pana danych b\u0119d\u0105 posiada\u0107 osoby upowa\u017cnione przez Administratora do ich przetwarzania w ramach realizacji procesu rekrutacji.<\/li>\n<li>Pani\/Pana dane osobowe nie b\u0119d\u0105 przekazywane do odbiorc\u00f3w w pa\u0144stwach trzecich lub do organizacji mi\u0119dzynarodowych.<\/li>\n<li>Pani\/Pana dane osobowe przechowywane b\u0119d\u0105 do momentu zako\u0144czenia procesu obecnej rekrutacji.<\/li>\n<li>Przys\u0142uguje Pani\/Panu prawo:\n<ul>\n<li>dost\u0119pu do tre\u015bci swoich danych osobowych,<\/li>\n<li>sprostowania swoich danych osobowych, kt\u00f3re s\u0105 nieprawid\u0142owe oraz uzupe\u0142nienia niekompletnych danych osobowych,<\/li>\n<li>\u017c\u0105dania od Administratora usuni\u0119cia swoich danych osobowych (\u201eprawo do bycia zapomnianym\u201d),<\/li>\n<li>\u017c\u0105dania od Administratora ograniczenia przetwarzania swoich danych osobowych,<\/li>\n<li>przenoszenia swoich danych osobowych,<\/li>\n<li>cofni\u0119cia zgody w dowolnym momencie na przetwarzanie Pani\/Pana danych osobowych; o\u015bwiadczenie o cofni\u0119ciu zgody na przetwarzanie danych osobowych wymaga jego z\u0142o\u017cenia w\u00a0formie pisemnej w siedzibie Administratora lub w formie elektronicznej na adres: <a href=\"mailto:kadry@mbp.olsztyn.pl\">kadry@mbp.olsztyn.pl<\/a><\/li>\n<li>wniesienia skargi do organu nadzorczego zajmuj\u0105cego si\u0119 ochron\u0105 danych osobowych, tj.\u00a0Prezesa Urz\u0119du Ochrony Danych Osobowych, gdy uzna Pani\/Pan, i\u017c przetwarzanie danych osobowych dotycz\u0105cych Pani\/Pana osoby narusza przepisy og\u00f3lnego rozporz\u0105dzenia o\u00a0ochronie danych osobowych.<\/li>\n<\/ul>\n<\/li>\n<li>Administrator, w ramach przetwarzania danych osobowych, nie korzysta z system\u00f3w i nie stosuje metod, s\u0142u\u017c\u0105cych do zautomatyzowanego podejmowania decyzji, w tym profilowania.<\/li>\n<li>Podanie danych osobowych w zwi\u0105zku z rekrutacj\u0105 jest obligatoryjne w oparciu<br \/>\no przepisy prawa, a w pozosta\u0142ym zakresie jest dobrowolne. Zakres danych osobowych, kt\u00f3rych mo\u017ce \u017c\u0105da\u0107 pracodawca od osoby ubiegaj\u0105cej si\u0119 o zatrudnienie, wskazany zosta\u0142 w art. 22<sup>1<\/sup> ustawy z dnia 26 czerwca 1974r. \u2013 Kodeks pracy (t.j. Dz.U. z 2018r., poz. 917), pozosta\u0142e dane przetwarzamy za Pani\/Pana zgod\u0105.<\/li>\n<\/ol>\n","protected":false},"excerpt":{"rendered":"<p>KLAUZULA INFORMACYJNA Zgodnie z art. 13 rozporz\u0105dzenia Parlamentu Europejskiego i Rady (UE) 2016\/679 z dnia 27 kwietnia 2016 r. w sprawie ochrony os\u00f3b fizycznych w zwi\u0105zku z przetwarzaniem danych osobowych i w sprawie swobodnego przep\u0142ywu takich danych oraz uchylenia dyrektywy 95\/46\/WE (og\u00f3lne rozporz\u0105dzenie o ochronie danych) (Dz. Urz. UE L 119 z 04.05.2016) &#8211; zwanym <span class=\"ellipsis\">&hellip;<\/span> <span class=\"more-link-wrap\"><a href=\"https:\/\/bip.mbp.olsztyn.pl\/?page_id=319\" class=\"more-link\"><span>Read More &rarr;<\/span><\/a><\/span><\/p>\n","protected":false},"author":3,"featured_media":0,"parent":0,"menu_order":0,"comment_status":"closed","ping_status":"closed","template":"","meta":{"footnotes":""},"class_list":["post-319","page","type-page","status-publish","hentry"],"_links":{"self":[{"href":"https:\/\/bip.mbp.olsztyn.pl\/index.php?rest_route=\/wp\/v2\/pages\/319","targetHints":{"allow":["GET"]}}],"collection":[{"href":"https:\/\/bip.mbp.olsztyn.pl\/index.php?rest_route=\/wp\/v2\/pages"}],"about":[{"href":"https:\/\/bip.mbp.olsztyn.pl\/index.php?rest_route=\/wp\/v2\/types\/page"}],"author":[{"embeddable":true,"href":"https:\/\/bip.mbp.olsztyn.pl\/index.php?rest_route=\/wp\/v2\/users\/3"}],"replies":[{"embeddable":true,"href":"https:\/\/bip.mbp.olsztyn.pl\/index.php?rest_route=%2Fwp%2Fv2%2Fcomments&post=319"}],"version-history":[{"count":10,"href":"https:\/\/bip.mbp.olsztyn.pl\/index.php?rest_route=\/wp\/v2\/pages\/319\/revisions"}],"predecessor-version":[{"id":414,"href":"https:\/\/bip.mbp.olsztyn.pl\/index.php?rest_route=\/wp\/v2\/pages\/319\/revisions\/414"}],"wp:attachment":[{"href":"https:\/\/bip.mbp.olsztyn.pl\/index.php?rest_route=%2Fwp%2Fv2%2Fmedia&parent=319"}],"curies":[{"name":"wp","href":"https:\/\/api.w.org\/{rel}","templated":true}]}}