{"id":666,"date":"2025-03-31T10:31:44","date_gmt":"2025-03-31T08:31:44","guid":{"rendered":"https:\/\/bip.mbp.olsztyn.pl\/?page_id=666"},"modified":"2025-03-31T11:40:22","modified_gmt":"2025-03-31T09:40:22","slug":"raport-o-stanie-zapewniania-dostepnosci-podmiotu-publicznego","status":"publish","type":"page","link":"https:\/\/bip.mbp.olsztyn.pl\/?page_id=666","title":{"rendered":"Raport o stanie zapewniania dost\u0119pno\u015bci podmiotu publicznego"},"content":{"rendered":"<div class=\"editor-content\">\n<div>\n<p>Zgodnie z ustaw\u0105 o zapewnianiu dost\u0119pno\u015bci osobom ze szczeg\u00f3lnymi potrzebami zamieszczamy raporty o stanie zapewniania dost\u0119pno\u015bci podmiotu publicznego (format PDF):<\/p>\n<\/div>\n<\/div>\n<ul>\n<li><a href=\"https:\/\/bip.mbp.olsztyn.pl\/wp-content\/uploads\/2025\/03\/Raport-RzD-Administracja.pdf\">Administracja<\/a><\/li>\n<li><a href=\"https:\/\/bip.mbp.olsztyn.pl\/wp-content\/uploads\/2025\/03\/Raport-RzD-BET.pdf\">Biblioteka Ekonomiczno-Techniczna<\/a><\/li>\n<li><a href=\"https:\/\/bip.mbp.olsztyn.pl\/wp-content\/uploads\/2025\/03\/Raport-RzD-Filia-nr-2.pdf\">Filia nr 2<\/a><\/li>\n<li><a href=\"https:\/\/bip.mbp.olsztyn.pl\/wp-content\/uploads\/2025\/03\/Raport-RzD-Filia-nr-3.pdf\">Filia nr 3<\/a><\/li>\n<li><a href=\"https:\/\/bip.mbp.olsztyn.pl\/wp-content\/uploads\/2025\/03\/Raport-RzD-Filia-nr-4.pdf\">Filia nr 4<\/a><\/li>\n<li><a href=\"https:\/\/bip.mbp.olsztyn.pl\/wp-content\/uploads\/2025\/03\/Raport-RzD-Filia-nr-5.pdf\">Filia nr 5<\/a><\/li>\n<li><a href=\"https:\/\/bip.mbp.olsztyn.pl\/wp-content\/uploads\/2025\/03\/Raport-RzD-Filia-nr-6.pdf\">Filia nr 6<\/a><\/li>\n<li><a href=\"https:\/\/bip.mbp.olsztyn.pl\/wp-content\/uploads\/2025\/03\/Raport-RzD-Filia-nr-9.pdf\">Filia nr 9<\/a><\/li>\n<li><a href=\"https:\/\/bip.mbp.olsztyn.pl\/wp-content\/uploads\/2025\/03\/Raport-RzD-Filia-nr-10.pdf\">Filia nr 10<\/a><\/li>\n<li><a href=\"https:\/\/bip.mbp.olsztyn.pl\/wp-content\/uploads\/2025\/03\/Raport-RzD-Filia-nr-11.pdf\">Filia nr 11<\/a><\/li>\n<li><a href=\"https:\/\/bip.mbp.olsztyn.pl\/wp-content\/uploads\/2025\/03\/Raport-RzD-Filia-nr-12.pdf\">Filia nr 12<\/a><\/li>\n<li><a href=\"https:\/\/bip.mbp.olsztyn.pl\/wp-content\/uploads\/2025\/03\/Raport-RzD-Filia-nr-13.pdf\">Filia nr 13<\/a><\/li>\n<li><a href=\"https:\/\/bip.mbp.olsztyn.pl\/wp-content\/uploads\/2025\/03\/Raport-RzD-Filia-nr-15.pdf\">Filia nr 15<\/a><\/li>\n<li><a href=\"https:\/\/bip.mbp.olsztyn.pl\/wp-content\/uploads\/2025\/03\/Raport-RzD-Filia-nr-16.pdf\">Filia nr 16<\/a><\/li>\n<li><a href=\"https:\/\/bip.mbp.olsztyn.pl\/wp-content\/uploads\/2025\/03\/Raport-RzD-Filia-nr-18.pdf\">Filia nr 18<\/a><\/li>\n<\/ul>\n","protected":false},"excerpt":{"rendered":"<p>Zgodnie z ustaw\u0105 o zapewnianiu dost\u0119pno\u015bci osobom ze szczeg\u00f3lnymi potrzebami zamieszczamy raporty o stanie zapewniania dost\u0119pno\u015bci podmiotu publicznego (format PDF): Administracja Biblioteka Ekonomiczno-Techniczna Filia nr 2 Filia nr 3 Filia nr 4 Filia nr 5 Filia nr 6 Filia nr 9 Filia nr 10 Filia nr 11 Filia nr 12 Filia nr 13 Filia nr <span class=\"ellipsis\">&hellip;<\/span> <span class=\"more-link-wrap\"><a href=\"https:\/\/bip.mbp.olsztyn.pl\/?page_id=666\" class=\"more-link\"><span>Read More &rarr;<\/span><\/a><\/span><\/p>\n","protected":false},"author":1,"featured_media":0,"parent":0,"menu_order":0,"comment_status":"closed","ping_status":"closed","template":"","meta":{"footnotes":""},"class_list":["post-666","page","type-page","status-publish","hentry"],"_links":{"self":[{"href":"https:\/\/bip.mbp.olsztyn.pl\/index.php?rest_route=\/wp\/v2\/pages\/666","targetHints":{"allow":["GET"]}}],"collection":[{"href":"https:\/\/bip.mbp.olsztyn.pl\/index.php?rest_route=\/wp\/v2\/pages"}],"about":[{"href":"https:\/\/bip.mbp.olsztyn.pl\/index.php?rest_route=\/wp\/v2\/types\/page"}],"author":[{"embeddable":true,"href":"https:\/\/bip.mbp.olsztyn.pl\/index.php?rest_route=\/wp\/v2\/users\/1"}],"replies":[{"embeddable":true,"href":"https:\/\/bip.mbp.olsztyn.pl\/index.php?rest_route=%2Fwp%2Fv2%2Fcomments&post=666"}],"version-history":[{"count":3,"href":"https:\/\/bip.mbp.olsztyn.pl\/index.php?rest_route=\/wp\/v2\/pages\/666\/revisions"}],"predecessor-version":[{"id":685,"href":"https:\/\/bip.mbp.olsztyn.pl\/index.php?rest_route=\/wp\/v2\/pages\/666\/revisions\/685"}],"wp:attachment":[{"href":"https:\/\/bip.mbp.olsztyn.pl\/index.php?rest_route=%2Fwp%2Fv2%2Fmedia&parent=666"}],"curies":[{"name":"wp","href":"https:\/\/api.w.org\/{rel}","templated":true}]}}